 -71 - -1) + 9?
-71
-2 - (19 + -23) - (1 + 11)
-10
Evaluate (-5 - (17 - -5)) + (15 - 26) + 5 + -3.
-36
-33 - (-16 - 28) - (0 + -75 - (-13 + 16))
89
Calculate -1 + 12 - (-32 - 8) - 4.
47
-6 + (22 - 10 - (3 - -46) - 11)
-54
What is the value of 8 - ((47 - 5) + -45 + 57)?
-46
What is -90 + (38 + -57 - -70)?
-39
-13 + (-26 + -5 + 14 - -101 - (4 + 7))
60
What is the value of 196 + -191 + (-3 - -11 - 7)?
6
What is the value of 128 + 6 + -110 + 56?
80
Calculate 14 + (-2 - 0) + 91 - -18 - (2 + 9).
110
Calculate -9 + (-12 - (-10 + 16 + -2)).
-25
Evaluate -45 - ((-7 + 25 - -17) + -18).
-62
What is the value of 1 + -4 - -5 - 15 - (-16 - 19)?
22
What is 1986 + -1908 + (-3 - 24)?
51
((-11 - 19) + 16 - -28) + 24
38
-50 - (81 + -107 + -45)
21
Evaluate (61 - 50) + -9 + -7 - 41.
-46
4 + 14 + (-39 - -52 - 140)
-109
Calculate -28 + (-74 - -68) + 5.
-29
Evaluate (93 - (9 - (-1 + -9 - -7))) + 1 + -11.
71
(12 - -1 - (12 - -13 - (-42 - -6))) + 13
-35
What is the value of (2 - -2 - (13 - (31 - 16))) + 24?
30
Calculate -60 - (-2 + -6 - (-27 + 19) - (-5 + 6)).
-59
Calculate 1 + (-1 - -8) + 94 + -109 + 42.
35
139 + -378 + 155 + 203
119
What is the value of -14 + (18 + 1 - (-100 + 107))?
-2
What is the value of (-78 - -85) + 0 + -58 + 3 - (-2 + -8)?
-38
Calculate 46 - -4 - (17 + 68 + -108).
73
Calculate 64 + -118 - (-7 + -1).
-46
Evaluate -14 + 13 - (12 + -23 - 3).
13
Evaluate -1 + 3 + -64 - (-29 - (60 + -103)).
-76
-53 - -78 - (24 + 78)
-77
(-16 - 0 - 0 - 113 - -5) + 12
-112
Calculate -86 - ((-368 - -112) + 77).
93
Calculate 14 - (23 + (22 - 60) - 4) - (0 - 10).
43
Calculate 2 - 23 - (-95 + 49 + -30).
55
Evaluate -5 + 49 - 22 - -14 - 17.
19
Calculate 21 + (15 + -22 - 9) - (5 + -2 + 69).
-67
Calculate 84 - 0 - (-119 + 252 + -106).
57
What is the value of -5 + (-10 + 15 - (-2 + 7)) + 6?
1
What is the value of -24 - -11 - (-8 + (17 - 9)) - -54?
41
Calculate (6 - 9 - -15) + -6 - (-40 - 8 - -4).
50
What is the value of -19 + (-11 - (-25 - (-8 + 5)) - 12)?
-20
What is the value of (-2 - (8 + (12 - 8) + -11)) + -7?
-10
What is the value of -16 - 64 - (-908 - -773)?
55
Evaluate -54 + (-52 - -194 - 40) + (11 - 1).
58
What is (0 - 11 - (-49 - (-3 - 46))) + -38?
-49
What is the value of 29 + 3 - (5 + (7 - 10))?
30
What is -93 + 45 - (17 - 76)?
11
Evaluate -69 - (-62 - (-58 + 19)).
-46
What is (18 + -5 - 2) + (-9 - (-39 + 21))?
20
What is the value of -51 + 27 + -31 + -25?
-80
(-4 - -34) + 3 - (166 + -190)
57
What is the value of -13 + (-19 - -12) - (-121 - (8 + -7))?
102
What is 0 + 5 - (-70 + (30 - -39))?
6
Calculate (1 - -11) + (123 - 201 - (4 - 53)).
-17
Evaluate 29 - (-24 + 17 - -26 - (15 - 8)).
17
Calculate (13 - -12) + -9 + -3 - (-13 + -3 + -15).
44
(65 - 127) + 105 - -56
99
Evaluate -149 - ((-124 - -250) + -187).
-88
What is -1 + 36 - (3675 + -3608)?
-32
-6 + (2 - 4) - (-41 - (-19 + 10))
24
What is -8 - ((16 - (3 + 3)) + (44 - 51) + -63)?
52
Calculate -10 + 37 - (-6 - (12 - (5 + 9)) - 1).
32
Evaluate 68 - (-2 + 1 + -13 + 97 + -53 + -36).
74
What is the value of -12 + 54 + -1 - 62?
-21
Evaluate 17 + (-2 - 8) + -28 + 35 - (100 + 9).
-95
73 - (-8 + (28 - 34 - -14))
73
What is (34 - 31 - (-9 + (9 - 5))) + -46 + 5?
-33
What is -87 + 4 + -35 + 60 + 40?
-18
What is -7 + (11 + 7 - 20) + 22?
13
Evaluate 26 + -171 + 125 - (2 + -138).
116
Calculate 1 - (4 - -15) - -4 - (-25 + 24).
-13
Calculate 13 + (16 - -32) + -21.
40
What is -26 - (78 + -11 - 16) - -13?
-64
What is 23 + (5 - (-9 + 9))?
28
What is the value of -6 + 2 + -12 - -1 - (-33 + -2 - -37)?
-17
What is the value of 76 + -90 - (3 - -85) - (-9 - -24)?
-117
Calculate -36 - 35 - -23 - -6.
-42
What is 176 - (-7 - (-157 + 76))?
102
Evaluate -4 - 99 - (-2493 + 2421).
-31
Evaluate -2 + 18 + 408 + -424 + -32.
-32
Calculate 8 + -17 + (19 - 6) + (-1 - -12).
15
What is -16 - (46 + 34) - -77?
-19
Evaluate 17 + -42 + (20 + -75 - -45).
-35
Evaluate -9 + 12 + (55 - 53 - (0 - 10)) + -2.
13
Evaluate -9 - (67 + -23 + 19 + (2 - 7) + -1).
-66
-26 + (4 + 3 + (0 - -11) + -24 - -13)
-19
What is the value of (54 - (86 - 29)) + 11 + -1 + -2 + -49?
-44
Evaluate -13 + 2 - ((10 + 1 - (-181 + 181)) + -1).
-21
Calculate (-28 - -1) + 59 + -18 + 1 - 67.
-52
-3 + (-49 - -62 - (7 - (1 + 17)))
21
Calculate 62 - 30 - (16 + -43 - -91).
-32
Calculate (9 - 0) + (-103 - -120) + -1 + -7.
18
What is (63 - -2 - 37) + -35 - (73 + 1)?
-81
Evaluate -54 + (-213 - -252) + -8 + -1.
-24
What is -643 + 621 + (-4 - -4 - -57)?
35
What is 9 + (-6 + -14 - -5) + (1 + -2 - 4)?
-11
Calculate 146 - 144 - (-2 + 0 + 19).
-15
59 + (-15 + 15 - ((-6 - (4 - 13)) + 6))
50
Calculate (20 - 7 - 18) + 3.
-2
What is -25 - ((177 - 315) + -7 + 35)?
85
What is the value of (85 - 76) + (-2 - -6) + -12 - (-2 - -3)?
0
What is -51 + 6 + -7 + 13 - (4 - 20)?
-23
What is 11 - 8 - -42 - (18 - (26 + -23))?
30
40 + (-7 - 20) - (1 + 5)
7
What is 144 + (-93 - (20 - -109))?
-78
Evaluate (17 - 0) + (-66 - (-4 + (13 - -2))).
-60
Calculate -221 - -244 - (-8 - -10) - -109.
130
Calculate (-24 - -41 - 54) + (-15 + 17 - (-1 - -6)).
-40
2 + -17 + -59 + 34 + 12 + -1
-29
42 + (29 - 67) - (-7 - -47)
-36
(-1 - -3 - 18) + 46 + -99 + 61
-8
What is 110 + 0 + 2 + (4914 - 4956)?
70
Calculate (-1 + 2 - (4 - 2)) + 113826 + -113829.
-4
What is (2 - (3 - 20)) + -8 - 56?
-45
What is the value of 88 - (34 - (-185 + 87))?
-44
What is the value of -5 + (-13 - -18) + 8 - 13 - 47?
-52
What is 11 + -12 + (5 - (-11 - (-24 - -7))) - 7?
-9
Calculate -39 - (-9 - 42) - -19.
31
Evaluate (5 - -2) + 23 + -30.
0
What is the value of 27 + 6 - 31 - (6 - 71 - (4 - -1))?
72
What is -69 + (-7 - -72) + 7?
3
What is -1 + 16 + 36 + -33 + -1 + -3?
14
Evaluate -23 - (29 + -76 + 12 - 88).
100
Calculate (79 - 6) + -1 + (2 - 15) - 3.
56
Evaluate (-2 - (-3 + -7 - (-8 + 1) - -8)) + 12.
5
What is -48 + (10 - (13 - ((-2 - -11) + -3)))?
-45
Calculate 4 + -4 - (7 - 3 - 2) - (-161 - -126).
33
Evaluate 18 + ((-9 - -6) + -1 - -5) + -27.
-8
Calculate -23 - 35 - (2 - (67 + -61 - (11 - -2))).
-67
What is the value of 1 - 39 - (-79 - -217 - 257)?
81
What is the value of -12 + 7 - (24 + (-9 - 18))?
-2
Calculate (-5 - (-3 - -2)) + (11 - (42 + -20)) + 12.
-3
What is (30 - (13 - 6) - 5) + 104 + -90 - -15?
47
What is the value of 51 + -8 - (-4 + 6 - 14 - -14)?
41
What is 0 + -2 + 3 - (35 + 0 + -47)?
13
What is the value of 12 + 38 + -27 - 73?
-50
Calculate 263 - (-6 - -306) - (44 + 1).
-82
Evaluate 0 + -14 + -1 - (45 - -19 - 120).
41
Evaluate -150 + (403 - (132 + 13)).
108
Evaluate -13 + (4 + -3 - (7 - 10)) - (1228 + -1214).
-23
What is the value of -16 - (-28 - (-1 + 36))?
47
Evaluate -84 - (134 + -236 - -22).
-4
Evaluate -3995 + 4011 + (1 - (-33 - 1)).
51
Evaluate (11 - (2 - 0)) + (190 + -72 - 27).
100
What is the value of -43 + 251 - 221 - (-2 - -1)?
-12
What is 2 - (6 - -5) - (18 + -22 + 9 + -9)?
-5
What is the value of (-3 - 23 - (-327 + 314)) + -36?
-49
Calculate 69 - ((17 - -55) + 16).
-19
Evaluate -20 + (-3 - -3 - (-2 + (23 + -11 - 13))).
-17
Evaluate -1 - (1 + -16 - 0) - (-64 - -116 - 60).
22
What is -108 + 105 + (-7 - -4) + 97 + -13 + 17?
95
Calculate 7 + (6 - 0 - (17 + 27 + -39 + -1)).
9
What is (-7 - (-9 + 5)) + (12 - -7) + -6?
10
112 + -5 - 102 - (0 - 1 - 16)
22
Calculate -1014 + 1023 - (3 + -5 - -25).
-14
Calculate 19 + -13 + 10 + 7 + -39 + -1.
-17
Evaluate -6 + -36 + 55 + 9 + 33.
55
What is -20 - (-181 + 173 - (-6 - 58))?
-76
What is (-32 - (-30 + -14)) + (-61 - (3 - 8))?
-44
155 + -134 - (110 - (2 - -1))
-86
(-131 - (-61 - 33)) + (-79 - 3)
-119
2 + 110 + (-215 - (195 + -402))
104
Calculate 0 + -9 - (167 + 32 + -196).
-12
-72 - (11 + -33 + -7 - -11)
-54
What is 1 + 22 - ((-48 - -10) + 18 + 16)?
27
Evaluate 2 - 5 - -5 - (7 - (6 + 2 + 14)).
17
Evaluate (5 - (15 + -25)) + -18 - 43.
-46
What is -1 + -111 + 1609 + -1481?
16
(41 + -3 + -25 - (-5 + 16)) + -13
-11
What is (-41 - (1 - 18)) + (-6 - (11 + -7))?
-34
Evaluate 105 - 0 - 3 - (0 + 4 + (109 - 107)).
96
What is (-56 - -51) + -28 + 45?
12
Evaluate -16525 + 16631 + (-1 - (42 + -2)).
65
What is -15 - (-67 + (3 - 2) - (71 - (-7 - -87)))?
42
Calculate 61 + -12 + -3 + -87.
-41
-5 + 0 + 8 - (-6 + 18 + -24)
15
Calculate 11 + 12 + -20 + 33.
36
Calculate (-7 - (-15 + 89 + -2)) + -23.
-102
What is the value of (2 - 0) + -110 + (85 + -39 - 46)?
-108
What is -10 - ((-15 - -20 - -7) + -2 - (13 + -5))?
-12
What is -59 - (-27